omposite number?
True
Is 4816327 composite?
True
Is 997561 a prime number?
False
Is 53625541 composite?
False
Is 15785317 prime?
True
Is 23603629 prime?
False
Is 148675277 composite?
True
Is 5109953 a prime number?
False
Is 4249919 a prime number?
False
Is 3314131 a composite number?
True
Is 381541813 a prime number?
False
Is 823583 prime?
False
Is 16372613 a composite number?
False
Is 445003829 a prime number?
False
Is 20374927 composite?
True
Is 1720991 composite?
False
Is 18123737 a prime number?
True
Is 89014613 composite?
True
Is 449288113 composite?
True
Is 13894511 composite?
False
Is 355211191 a composite number?
False
Is 261886687 prime?
True
Is 8175551 composite?
False
Is 85293401 a prime number?
True
Is 435619303 prime?
False
Is 19152961 prime?
True
Is 3446231 a composite number?
False
Is 12767299 a prime number?
True
Is 18988349 a composite number?
True
Is 1106329 a composite number?
True
Is 15257647 a prime number?
False
Is 24292157 composite?
False
Is 41732179 prime?
True
Is 1860799 prime?
True
Is 3644807 composite?
True
Is 82982 prime?
False
Is 129860717 a prime number?
False
Is 49319 composite?
True
Is 17651567 prime?
True
Is 4085033 a prime number?
True
Is 182419241 a prime number?
False
Is 82769269 a composite number?
True
Is 2569701 prime?
False
Is 1330503 a prime number?
False
Is 984817 a prime number?
True
Is 3963527 composite?
True
Is 50273 prime?
True
Is 2954639 a prime number?
True
Is 161817 prime?
False
Is 124135639 a prime number?
False
Is 3534661 a prime number?
False
Is 467396051 a prime number?
True
Is 5822447 a composite number?
True
Is 7097681 composite?
False
Is 8316359 a composite number?
True
Is 605492429 a composite number?
True
Is 6469903 a prime number?
False
Is 11484727 a composite number?
False
Is 1256107 a prime number?
True
Is 5439151 a prime number?
False
Is 9811303 composite?
False
Is 1291907 a composite number?
False
Is 1298699 prime?
True
Is 5571607 prime?
True
Is 19418489 prime?
True
Is 77254427 a composite number?
False
Is 44667631 a composite number?
True
Is 201332399 a composite number?
False
Is 3900167 prime?
True
Is 2132303 prime?
True
Is 139779293 a composite number?
True
Is 24939689 composite?
False
Is 6007774 composite?
True
Is 593471 prime?
False
Is 15629959 a composite number?
False
Is 59659399 a prime number?
True
Is 98087251 a composite number?
True
Is 21369587 a prime number?
False
Is 209521837 a composite number?
True
Is 40579667 prime?
False
Is 12271333 prime?
True
Is 9212693 prime?
False
Is 692939677 prime?
True
Is 9953767 composite?
True
Is 27986839 a composite number?
True
Is 2591297 a composite number?
True
Is 219701 a prime number?
False
Is 35952353 composite?
True
Is 150312783 a composite number?
True
Is 6213421 a prime number?
False
Is 159282509 a composite number?
False
Is 304727 prime?
False
Is 13388987 a composite number?
False
Is 19825621 prime?
False
Is 85013557 a composite number?
False
Is 4502059 composite?
True
Is 192768551 a prime number?
True
Is 1879753 a composite number?
True
Is 1642079 a prime number?
True
Is 37204819 a composite number?
False
Is 334 a prime number?
False
Is 889771 a composite number?
True
Is 761818 composite?
True
Is 2233709 composite?
False
Is 1027139 a composite number?
False
Is 178721 a prime number?
False
Is 31543961 a composite number?
False
Is 400103 a composite number?
True
Is 5736979 a prime number?
True
Is 12203017 a prime number?
False
Is 138425863 a composite number?
False
Is 15896157 prime?
False
Is 28289321 a prime number?
True
Is 3064087 prime?
False
Is 200909 a composite number?
False
Is 2336071 prime?
False
Is 322468183 a composite number?
False
Is 2382449 composite?
False
Is 1479407 a composite number?
True
Is 7702671 a composite number?
True
Is 28467787 prime?
False
Is 16118401 composite?
True
Is 967331 a prime number?
False
Is 1976903 composite?
False
Is 134068271 a prime number?
True
Is 636596369 composite?
True
Is 535713371 composite?
False
Is 6301301 prime?
False
Is 1774159 a prime number?
True
Is 364273079 a prime number?
True
Is 112662929 composite?
False
Is 1783279 a composite number?
True
Is 3417569 a prime number?
True
Is 121826 composite?
True
Is 716323 composite?
True
Is 43931351 a composite number?
False
Is 85889 a composite number?
False
Is 4240657 prime?
False
Is 3978217 composite?
False
Is 4571519 prime?
True
Is 69311089 a composite number?
False
Is 253036403 composite?
True
Is 4011331 composite?
False
Is 120502397 a prime number?
True
Is 51377663 composite?
True
Is 8694118 composite?
True
Is 184991089 prime?
True
Is 659387 composite?
True
Is 1261157 a prime number?
True
Is 267525595 composite?
True
Is 40692809 composite?
True
Is 141184061 a prime number?
True
Is 1718267 a composite number?
False
Is 149353549 composite?
False
Is 129685978 prime?
False
Is 89452567 composite?
False
Is 553961 a composite number?
False
Is 1509059 prime?
True
Is 60129805 composite?
True
Is 81685207 a composite number?
True
Is 285354929 prime?
True
Is 7426519 composite?
True
Is 836386543 composite?
False
Is 5194713 a prime number?
False
Is 115506614 composite?
True
Is 7976461 prime?
True
Is 154735379 composite?
False
Is 258803809 a composite number?
True
Is 777097 composite?
False
Is 441251 prime?
True
Is 63073351 a prime number?
False
Is 2212817 a prime number?
True
Is 1351843 a composite number?
False
Is 272509693 prime?
False
Is 5256382 prime?
False
Is 112162381 a composite number?
False
Is 590906051 composite?
True
Is 3844747 composite?
False
Is 1078741 a prime number?
False
Is 610409 a composite number?
False
Is 9742079 a composite number?
True
Is 14309549 composite?
False
Is 319784891 a composite number?
False
Is 1083713 a prime number?
True
Is 242406167 composite?
False
Is 30734867 a prime number?
False
Is 4294847 prime?
True
Is 53802097 prime?
True
Is 378149897 a prime number?
True
Is 256279 a prime number?
True
Is 2893 composite?
True
Is 2058541 a prime number?
True
Is 3033203 composite?
True
Is 2698403 a prime number?
False
Is 8673731 prime?
False
Is 39182194 a prime number?
False
Is 304294897 a prime number?
False
Is 4378867 a composite number?
True
Is 16164539 prime?
False
Is 27517773 a prime number?
False
Is 19835947 composite?
True
Is 57421493 a composite number?
False
Is 6727213 a prime number?
True
Is 1416109 composite?
False
Is 17134349 composite?
False
Is 3254623 prime?
True
Is 1455721 a prime number?
True
Is 10493503 prime?
True
Is 1964891 a prime number?
False
Is 20740543 a composite number?
True
Is 87815543 composite?
True
Is 823337 a composite number?
False
Is 2478877 composite?
False
Is 4573981 a composite number?
False
Is 23381863 a prime number?
False
Is 205682501 a prime number?
True
Is 4711229 a prime number?
True
Is 103217 prime?
True
Is 235019 a composite number?
True
Is 271115311 a composite number?
False
Is 92633791 a prime number?
True
Is 22181573 prime?
False
Is 3092351 a prime number?
False
Is 85198345 a prime number?
False
Is 5045269 composite?
False
Is 5358889 composite?
False
Is 802759 prime?
True
Is 41056973 prime?
True
Is 70775273 a composite number?
False
Is 57001057 prime?
True
Is 8677339 prime?
False
Is 53308859 a composite number?
True
Is 17230957 composite?
False
Is 4172713 composite?
True
Is 73416451 a prime number?
True
Is 75939893 composite?
True
Is 225571 composite?
True
Is 2998663 a prime number?
True
Is 28994837 prime?
True
Is 18096737 prime?
False
Is 6039734 composite?
True
Is 65354051 a prime number?
False
Is 1119389 prime?
True
Is 130018429 a prime number?
False
Is 958763 a composite number?
True
Is 5584021 prime?
True
Is 2161009 composite?
True
Is 378422483 prime?
True
Is 1404791 a composite number?
False
Is 7613 a composite number?
True
Is 23913341 a composite number?
False
Is 26254003 a prime number?
True
Is 20235497 a composite number?
True
Is 29326781 prime?
False
Is 709507 a composite number?
False
Is 458246801 a composite number?
False
Is 15356651 prime?
True
Is 11442071 a prime number?
False
Is 3287485 prime?
False
Is 30824327 composite?
True
Is 21839053 a prime number?
True
Is 250850087 a prime number?
False
Is 527489 a composite number?
False
Is 119785135 prime?
False
Is 1531111 prime?
True
Is 858075373 a prime number?
False
Is 265021 composite?
False
Is 341621499 compo